 of o?
2, 29
Suppose -u - 2*s = -1217 + 309, 0 = 4*u + 2*s - 3602. List the prime factors of u.
2, 449
Let p be (-6)/(6/(-1)*2/(-6)). What are the prime factors of 12/(-4)*(p - 104/6)?
61
Let r = -218 + 571. What are the prime factors of r?
353
Suppose 2*r + 5*w - 569 = 0, 3*r - 4*w + 9*w = 841. List the prime factors of r.
2, 17
Let h(y) = 14*y**2 + 9*y - 66. List the prime factors of h(5).
7, 47
Let m(b) = 11*b**2 + 4*b + 3. Let z(h) = -h**2 + 7*h - 10. Let d be z(7). Let p be 4/d*(5 - 0). List the prime factors of m(p).
3, 13
Let j = 1487 - 857. What are the prime factors of j?
2, 3, 5, 7
Let z(a) = a + 11. Let n be z(-3). List the prime factors of (0 - n/(-2)) + 1.
5
Let i = -664 + 697. What are the prime factors of i?
3, 11
Suppose -13*d + 8*d = 0. Suppose 28 = -3*c - 3*h - 5, -c - 4*h - 2 = d. What are the prime factors of 142/7 + 4/c?
2, 5
Let o(k) = -k**3 - 12*k**2 + 6*k - 1. Let l = -56 + 43. List the prime factors of o(l).
2, 3, 5
Suppose 10 = 3*w + 3*s - 4*s, -4*w + 24 = 4*s. Let q = w + -1. Let p = 26 - q. What are the prime factors of p?
23
Suppose 8399 = 3*a + u + 81, -a + 5*u + 2762 = 0. What are the prime factors of a?
2, 3, 7, 11
Suppose -w + 1 = -3. Suppose w*b - 118 = 50. Let j = b + -20. What are the prime factors of j?
2, 11
Suppose -4*r - 178 = 4*f - 1250, -4*r - 3*f = -1068. What are the prime factors of r?
2, 3, 11
Let u(y) = -1 + 23*y**2 - 20*y - 15*y**2 - 13*y**2 - 5*y**2 - y**3. What are the prime factors of u(-9)?
2, 7
Let l(a) = 16*a**2 + 6*a - 11. Let u be l(-10). Suppose t - 2*g - 202 = 99, -5*t = 2*g - u. List the prime factors of t.
5, 61
Suppose -4*i + 5 = -7. Suppose 0*x - 39 = -x + 4*d, i*d - 162 = -3*x. What are the prime factors of x?
3, 17
Suppose 365 = 5*g + 3*d - 110, 0 = g - 2*d - 95. Let f = g - 41. Let m = f + -28. List the prime factors of m.
2, 13
Let s = -75 + 79. Suppose s*q = -b + 73, b - 37 = -q + 6*q. List the prime factors of b.
3, 19
Suppose -v + 2 = -0*v. Suppose -v*c = 7*c - 738. What are the prime factors of c?
2, 41
Let x = -689 + 973. List the prime factors of x.
2, 71
What are the prime factors of (236*(-3)/20)/(1/(-5))?
3, 59
Suppose 4*h + 3*f - 224 = 1, h - 3*f = 75. What are the prime factors of (-2)/(-10) + (-1857)/h*-4?
2, 31
Suppose 30 = -5*v - 5*i, -5*v + 3*v - 4*i - 12 = 0. What are the prime factors of -36*v/(-4)*-3?
2, 3
Let b(z) = -5*z + 9. Let t be -2*8 + (-8 - -8). List the prime factors of b(t).
89
Let m(d) = -d**3 + d + 1. Suppose -30*n = -35*n - 10. What are the prime factors of m(n)?
7
Suppose 5*x + x - 18 = 0. Suppose -x*m - 5*c + 690 = 0, -m + 0*m = 5*c - 240. Suppose 6*h = -3*z + h + 135, -5*z = h - m. What are the prime factors of z?
3, 5
Let d(l) be the second derivative of -l**5/10 + l**4/6 + l**3/2 + 5*l**2/2 + 3*l. Suppose 12 = -6*n - 6. List the prime factors of d(n).
2, 17
Let f(c) = 55*c**2 + 26*c - 80. What are the prime factors of f(4)?
2, 113
Suppose u + 4*p = 214, -u = 4*u + 3*p - 1002. List the prime factors of u.
2, 3, 11
Let k(a) = 24*a + 1. Let v be k(1). What are the prime factors of 25/(10/2) + v?
2, 3, 5
Suppose 6*b + 9621 = 15*b. What are the prime factors of b?
1069
Let f = -1714 - -3269. What are the prime factors of f?
5, 311
Let g be 975/10 + 3/6. List the prime factors of ((-1)/2)/((-1)/g).
7
Let v be 1/(3 - 164/56). Suppose -14 = 2*c + v. Let n = 23 + c. What are the prime factors of n?
3
Suppose 0 = 31*o - 36*o + 560. List the prime factors of o.
2, 7
Suppose 0 = 3*z + 4*b - 712, b = z - 201 - 27. List the prime factors of z.
2, 29
Suppose 3*y - 4*q - 50 = -9*q, 0 = -2*y - 5*q + 40. Suppose -510 = -y*k + 300. List the prime factors of k.
3
Let s = 629 - -317. List the prime factors of s.
2, 11, 43
Let w be (-27)/3 + 0/1. What are the prime factors of ((-12)/9)/(6/w)?
2
Let d(s) = -s**3 - 9*s**2 + 75*s + 77. What are the prime factors of d(-18)?
31, 53
Suppose -34276 = -7*d - 37*d. List the prime factors of d.
19, 41
Suppose 7*t + 12585 = 31401. What are the prime factors of t?
2, 3, 7
Suppose 2*n + 4 + 0 = 0. Let f(z) = -50*z + 10. What are the prime factors of f(n)?
2, 5, 11
Let g(s) be the third derivative of -1/6*s**3 + 0 + 0*s + 6*s**2 + 7/8*s**4. What are the prime factors of g(1)?
2, 5
Let s(f) = 172*f + 138. What are the prime factors of s(9)?
2, 3, 281
Let x = 1027 + -581. What are the prime factors of x?
2, 223
Let j be (-44)/7 - ((-198)/(-42) + -5). List the prime factors of (-7 - j)/((-4)/132).
3, 11
Suppose -2*t + 123 = -961. List the prime factors of t.
2, 271
Suppose -35 - 31 = 6*s. Let b = s + 13. List the prime factors of (b + 1)*(-5 - -18).
3, 13
Let z(t) be the first derivative of -17*t**4 - t**3/3 + 1. Suppose 0 = -3*b - o - 7, b - 3 = -5*o - 24. What are the prime factors of z(b)?
67
Let y(n) = -6*n**3 - n**2 + 3*n + 2. Let r be y(-2). Suppose 0 = 5*i + 3*z + 95, 47 = -i - 2*z + 7*z. Let g = r + i. What are the prime factors of g?
2, 3
Suppose 222*p = 225*p - 3723. List the prime factors of p.
17, 73
Let p be (-9)/(-12)*(41 - -3). Let t = 147 - p. What are the prime factors of t?
2, 3, 19
Let z(t) = 34*t**3 - 12*t**2 + 13*t - 9. What are the prime factors of z(4)?
2027
Let q(x) = -4 + 8*x**2 + 2 - 4 - x + 0*x. Let t be q(3). Let n = t + -27. What are the prime factors of n?
2, 3
Let i be 2944/12 - (-2)/(-6). Let w = -137 - -142. Suppose 5*q - 4*b + 2*b - 251 = 0, 5*q - w*b - i = 0. List the prime factors of q.
3, 17
Let y = 33 + -33. Suppose -o + 55 + 148 = y. What are the prime factors of o?
7, 29
Let z = -5 + 20. Suppose -u = -2*u + z. List the prime factors of u.
3, 5
Suppose j + 2*j = 12. Suppose -2*g = -p - 0*p - 12, -j*p - 20 = -g. What are the prime factors of (49/g)/(6/24)?
7
Let o(h) = 212*h**2 + 2*h + 1. Let l be o(-1). Let x = -147 + l. List the prime factors of x.
2
Suppose -2*g = 2*f - 162, -g + 165 = g + 5*f. Suppose 2*d - 220 + g = 0. List the prime factors of d.
2, 5, 7
Suppose 4*p + p = -4*a + 900, -5*p - 3*a + 905 = 0. List the prime factors of p.
2, 23
Let m be (5/2)/5 + (-1067)/(-22). Let w = m + -35. What are the prime factors of w?
2, 7
Suppose 4*z + 5*k = 6361, 0 = 2*z + 25*k - 29*k - 3200. List the prime factors of z.
2, 797
Let d(u) = -3 + 23*u - 16*u + 14*u - 6. What are the prime factors of d(4)?
3, 5
List the prime factors of 11/(((-3)/(-51))/(65/13)).
5, 11, 17
Let j(m) = m**3 - m**2 + 2*m + 1476. Let z be j(0). Suppose 0 = 4*w - 13*w + z. List the prime factors of w.
2, 41
List the prime factors of (-1 + 6)/((-4144)/(-376) - 11).
5, 47
Let w be (-158)/10 + 4/5. Let q = 61 + w. What are the prime factors of q?
2, 23
Suppose -2*d + 4*o = -8, 5*d - 3*o - 5 = 4*d. Suppose -5*a + 420 = -4*c - 30, -3*a + 248 = d*c. What are the prime factors of a?
2, 43
Let u be (7 + -9)/((-1)/2). List the prime factors of 837/12 + 1/u.
2, 5, 7
Let p be (-60)/27 - (-3)/((-54)/(-4)). Let a(q) = -87*q - 19. List the prime factors of a(p).
5, 31
Let c(o) = 36*o**3 - 9*o**2 + o + 1. Let j be c(3). Suppose -3*m + 8*m = j. List the prime factors of m.
179
Let l = -21 + 29. Suppose 4*z = -0*z + l. Suppose -z*t - 2*j = -5*t + 12, -21 = -3*t - j. What are the prime factors of t?
2, 3
Suppose -5*d - 15 = 0, -4*r + 5*d = -r - 2628. What are the prime factors of r?
13, 67
Suppose f + 3 = 15. Let b(w) = 6*w + 9*w - 12 - f*w**2 + w**3 + 4*w - 6*w. What are the prime factors of b(11)?
2, 5
Let l be 1116/(-54)*(2 + 1). Let o = 121 + l. What are the prime factors of o?
59
Suppose 2*w = 2, -3*r - 5*w + 932 = 33. List the prime factors of r.
2, 149
Let g be (-3*16/(-15))/(1/5). What are the prime factors of -25*(12/g + 54/(-40))?
3, 5
Suppose 25*q - 14*q - 15026 = 0. What are the prime factors of q?
2, 683
Suppose 3*x = -4*h - 112, x = h - 2*h - 36. Let w be 1/(28/x - -1). Let a(t) = t**2 - 6*t + 10. What are the prime factors of a(w)?
2, 13
Let q(u) = -41*u - 50. List the prime factors of q(-18).
2, 43
Let r = -3353 - -8696. What are the prime factors of r?
3, 13, 137
Let t = 577 - 174. List the prime factors of t.
13, 31
Suppose 8*h = -117 + 3773. What are the prime factors of h?
457
Let s(t) = -t**3 + 19*t**2 - 53*t + 67. What are the prime factors of s(15)?
2, 43
Let v(r) = 2*r**2 - 11*r + 8. Let i be v(12). List the prime factors of 4 + -8 + i/2.
2, 3, 13
Let m(u) = 7 - u + 11 - 4. List the prime factors of m(7).
7
List t